 b(112).
1
Let m(b) = -3*b**2 - 355*b - 791. Determine m(-116).
21
Let r(x) = -x**3 - 24*x**2 - 145*x - 26. Give r(-11).
-4
Let u(p) = 7*p**2 - 831*p - 244. Give u(119).
-6
Let w(o) = o**2 + 284*o + 15402. Calculate w(-211).
-1
Let p(r) = 736*r + 13988. Determine p(-19).
4
Let b(u) = -u**3 - 14*u**2 - 145*u - 1401. Determine b(-10).
-351
Let k(x) = -102*x - 1647. Determine k(-16).
-15
Let c(d) = 2*d**2 - 578*d + 19921. Give c(40).
1
Let i(a) = 6*a**2 - 46*a + 14. Determine i(6).
-46
Let c(n) = 171*n - 3885. Calculate c(24).
219
Let k(n) = 3*n**3 + 49*n**2 + 51*n - 138. Calculate k(-15).
-3
Let l(c) = -2*c**2 + 59*c - 25. Determine l(26).
157
Let b(r) = 3*r**3 - 356*r**2 + 1266*r - 110. What is b(115)?
5
Let n(t) = t**3 - 17*t**2 + 20*t - 122. Calculate n(15).
-272
Let w(r) = -4191*r + 33569. Give w(8).
41
Let k(l) = -l**3 + 56*l**2 - 123*l - 4422. Determine k(52).
-2
Let f(r) = 266*r**3 + 2*r**2 - 2*r. What is f(1)?
266
Let y(a) = 13*a**2 + 48*a - 160. Calculate y(3).
101
Let c(z) = -z**2 - 58*z + 994. What is c(-72)?
-14
Let y(d) = -14*d**2 - 235*d + 55. Determine y(-17).
4
Let g(u) = u**2 - 25*u - 150. What is g(26)?
-124
Let x(z) = z**3 - 15*z**2 - 4*z - 19. What is x(15)?
-79
Let p(o) = 35*o - 480. What is p(13)?
-25
Let r(z) = -3*z**3 - 4*z**2 + 23*z + 83. Determine r(-5).
243
Let p(j) = -2*j**3 - 35*j**2 - 3*j - 271. Give p(-18).
107
Let t(h) = 484*h - 2959. Calculate t(6).
-55
Let s(w) = w + 81. Give s(-34).
47
Let q(y) = y**3 - 43*y**2 + 219*y + 116. Give q(37).
5
Let u(a) = -27*a**2 - 1059*a - 14. Calculate u(-39).
220
Let k(c) = -c**3 - 8*c**2 - 15*c + 7. Give k(-4).
3
Let w(r) = 5*r**3 + 15*r**2 + 35*r + 4. Give w(-2).
-46
Let o(k) = -19*k**2 - 648*k - 25. Calculate o(-34).
43
Let z(r) = 686*r**2 - 6*r - 9. What is z(-1)?
683
Let b(o) = -o**3 - 22*o**2 - 7*o - 146. What is b(-22)?
8
Let f(o) = o**3 + 6*o**2 + 572*o + 2260. What is f(-4)?
4
Let l(q) = -q**3 + 2*q**2 + 44*q + 45. Calculate l(7).
108
Let r(m) = 11*m**3 + m**2 + 7*m + 8. Calculate r(-1).
-9
Let s(x) = 266*x**2 - 1091*x + 98. Calculate s(4).
-10
Let u(z) = -z - 173. What is u(-11)?
-162
Let d(u) = -7*u + 81. Give d(-5).
116
Let v(j) = -68*j + 420. Determine v(7).
-56
Let c(l) = -2*l**2 + 28*l + 116. Give c(16).
52
Let p(t) = t**2 + 8*t + 5. What is p(0)?
5
Let h(o) = -36*o - 421. Determine h(-20).
299
Let o(y) = -29*y**2 - 367*y + 16. Determine o(-12).
244
Let r(c) = 17*c**3 + 24*c**2 - 54*c + 5. Give r(2).
129
Let n(h) = h**3 - 113*h**2 - 1098*h - 12. Determine n(122).
-12
Let n(b) = -2*b**2 - 115*b + 341. What is n(-60)?
41
Let r(l) = -99*l**2 - 987*l + 28. Determine r(-10).
-2
Let q(m) = m**2 - 3*m + 23. Give q(9).
77
Let u(b) = -b**3 + 111*b**2 - 220*b + 222. Determine u(109).
4
Let g(v) = v**3 - 10*v**2 - v - 9. Calculate g(4).
-109
Let u(j) = 33*j + 560. Give u(-17).
-1
Let w(p) = p**2 + 62*p - 4368. Give w(-104).
0
Let q(a) = 5*a**2 - 605*a - 4. Calculate q(121).
-4
Let a(v) = -27*v + 3883. What is a(146)?
-59
Let j(s) = 2*s**3 + 175*s**2 - 270*s - 268. Give j(-89).
-1
Let w(n) = n**3 + 5*n**2 + 43*n - 200. What is w(6)?
454
Let v(q) = 97*q - 1352. Determine v(14).
6
Let x(l) = l**2 - 198*l + 2052. Calculate x(11).
-5
Let b(m) = m**2 + 291*m - 7566. Calculate b(24).
-6
Let n(f) = 64*f + 3838. Determine n(-60).
-2
Let a(i) = -i**3 + 617*i**2 + 4365*i - 14. Give a(-7).
7
Let j(k) = -11*k + 334. Calculate j(8).
246
Let w(x) = 10*x + 369. Calculate w(-56).
-191
Let a(f) = -f**3 + 19*f**2 + 6*f + 89. Calculate a(19).
203
Let x(o) = -9*o + 50. Calculate x(7).
-13
Let h(p) = p**3 - 16*p**2 + 46*p + 13. What is h(12)?
-11
Let d(f) = -f**3 - 2*f**2 + 24*f - 6. What is d(-7)?
71
Let n(s) = 153*s + 674. Determine n(-4).
62
Let i(l) = -22314*l + 133884. Determine i(6).
0
Let l(s) = 5*s**3 - 10*s**2. Determine l(3).
45
Let i(f) = -5*f**2 + 4*f + 19. Calculate i(-2).
-9
Let p(a) = a**3 - 7*a**2 - 15*a + 118. Give p(7).
13
Let d(w) = -2*w**2 - 32*w + 11. Calculate d(-10).
131
Let s(j) = -141*j + 2163. Give s(14).
189
Let q(g) = 4*g**2 + 317*g + 104. Give q(-79).
25
Let b(i) = 9*i + 155. Determine b(-12).
47
Let c(q) = -q**3 + 39*q**2 + 179*q - 5. Determine c(43).
296
Let a(b) = 250*b - 2535. Determine a(10).
-35
Let f(o) = -19*o**2 + 73*o + 6. What is f(3)?
54
Let c(g) = 5*g**2 - 2*g - 277. Calculate c(-7).
-18
Let m(x) = x**2 - 8*x - 21. Give m(12).
27
Let j(d) = -102*d + 599. Calculate j(6).
-13
Let k(i) = 107*i**2 + 1606*i + 28. Calculate k(-15).
13
Let j(l) = -261*l + 820. Determine j(3).
37
Let g(v) = -494*v - 45469. What is g(-92)?
-21
Let h(j) = -j**3 - 104*j**2 + 229*j - 9850. Calculate h(-107).
-6
Let t(s) = 87*s - 29. Give t(1).
58
Let b(x) = 2*x**3 + 42*x**2 - 25*x - 530. Give b(-21).
-5
Let b(i) = i**3 + 46*i**2 - 82. What is b(-46)?
-82
Let h(a) = -4*a**2 - 74*a - 218. Determine h(-3).
-32
Let r(d) = 12*d**2 + 3*d + 2. Give r(-2).
44
Let f(j) = j**3 - j**2 - 8*j - 15. Determine f(-3).
-27
Let g(j) = -j**3 + 3*j**2 + 8*j - 2. Calculate g(6).
-62
Let m(l) = -l**3 - 20*l**2 - 20*l - 87. Calculate m(-18).
-375
Let g(r) = -r**3 - 3*r**2 + 54*r - 17. Determine g(-8).
-129
Let t(g) = 4*g**3 + 54*g**2 + 41*g + 160. What is t(-13)?
-35
Let n(w) = 29*w - 1364. Give n(47).
-1
Let o(s) = 100*s + 22. Determine o(-2).
-178
Let a(z) = -z**3 + 18*z**2 - 14*z - 50. What is a(17)?
1
Let r(m) = m**3 - 28*m**2 - 7*m + 18. What is r(28)?
-178
Let k(j) = -20*j + 112. Calculate k(8).
-48
Let w(p) = p**3 + 24*p**2 + 52*p - 18. What is w(-21)?
213
Let k(l) = l**2 + 118*l + 3478. Give k(-57).
1
Let w(t) = 2*t**3 + 171*t**2 + 417*t + 171. What is w(-83)?
5
Let k(q) = q**3 + 11*q**2 - 4*q - 36. Determine k(-8).
188
Let z(q) = -q**3 - 33*q**2 + 101*q + 82. What is z(-36)?
334
Let h(k) = 938*k + 35592. Determine h(-38).
-52
Let f(m) = -11485*m - 22963. Calculate f(-2).
7
Let p(l) = 2*l**3 + 6*l**2 + 21*l + 1. Determine p(-3).
-62
Let i(p) = -p**2 + 40*p - 238. Determine i(8).
18
Let w(p) = -42*p - 1932. Calculate w(-43).
-126
Let b(s) = -s**3 - 115*s**2 - 3037*s - 211. What is b(-74)?
11
Let h(n) = 56*n - 2372. What is h(51)?
484
Let k(f) = -50*f + 75. What is k(2)?
-25
Let s(j) = j**2 - 56*j - 70. Give s(49).
-413
Let d(j) = -4*j**2 + 117*j - 809. Give d(17).
24
Let u(v) = -3*v**2 - 2353*v + 7084. Give u(3).
-2
Let q(d) = d**2 + 9*d + 7. Calculate q(-18).
169
Let h(f) = 10*f**2 + 282*f - 14. Give h(-28).
-70
Let n(k) = k**3 - 4*k**2 - 3*k + 20. Calculate n(6).
74
Let u(p) = p**3 - 13*p**2 - 116*p + 17. What is u(19)?
-21
Let l(x) = 2*x**2 - 137*x - 2044. Determine l(81).
-19
Let s(t) = t**3 - 23*t**2 - 112*t + 107. Give s(27).
-1
Let b(l) = 15*l**3 - 510*l**2 - 2*l - 45. What is b(34)?
-113
Let t(s) = 14*s - 667. What is t(39)?
-121
Let g(o) = 5*o**2 + o + 61. What is g(-7)?
299
Let q(j) = 13*j + 427. Determine q(-36).
-41
Let x(w) = -w**2 + 18*w - 32. Determine x(18).
-32
Let n(s) = -5*s**3 - 44*s**2 + 7*s + 16. Determine n(-9).
34
Let f(t) = -45*t - 1526. What is f(-33)?
-41
Let d(h) = 3*h**2 - 26*h + 31. What is d(7)?
-4
Let x(p) = -17*p**2 - 4490*p - 538. Determine x(-264).
-10
Let b(c) = -3*c**2 - 164*c - 885. Determine b(-6).
-9
Let f(s) = -s**3 + 52*s**2 - 99*s - 32. Give f(50).
18
Let x(o) = o**2 - 50*o + 218. Calculate x(6).
-46
Let r(k) = 11*k**2 - 211*k + 1221. Calculate r(6).
351
Let k(m) = -m**3 - 6*m**2 + 5*m + 11. Give k(-5).
-39
Let o(i) = 874*i - 104024. What is o(119)?
-18
Let r(j) = 386*j + 13895. Calculate r(-36).
-1
Let r(c) = -c**3 + 34*c**2 + 113*c + 25. Calculate r(37).
99
Let p(w) = w**3 + 17*w**2 + 7*w + 9. What is p(-7)?
450
Let g(f) = 501*f + 2012. Determine g(-4).
8
Let b(p) = -p**3 - 39*p**2 + 13*p - 76. Give b(0).
-76
Let i(f) = f**2 + 248*f - 5660. Determine i(21).
-11
Let c(f) = -10*f**2 + 146*f + 27. Give c(15).
-33
Let r(k) = 34*k + 506. Determine r(-15).
-4
Let w(d) = d**2 - 2*d - 1190. What is w(35)?
-35
Let n(j) = -j**2 + 59*j - 47. Calculate n(20).
733
Let k(j) = 2*j**2 + 159*j - 20. Calculate k(-80).
60
Let z(f) = 155*f + 663. What is z(-4)?
43
Let u(y) = -y**3 - 8*y**2 + 24*y - 55. Calculate u(7).
-622
Let t(h) = -h**2 + 137*h + 3286. What is t(-22)?
-212
Let w(b) = 8*b + 234. Calculate w(-10).
154
Let v(w) = -76*w**2 - 682*w + 13. Give v(-9).
-5
Let d(p) = 226*p - 528. Give d(2).
-76
Let n(z) = z**3 - 5*z**2 + 94*z - 594. What is n(6)?
6
Let v(q) =